7 is divided by 75.
72
What is the remainder when 415331 is divided by 15?
11
Calculate the remainder when 1316054 is divided by 258.
254
What is the remainder when 32149 is divided by 69?
64
What is the remainder when 23642 is divided by 257?
255
What is the remainder when 4403 is divided by 4389?
14
Calculate the remainder when 118868 is divided by 12.
8
What is the remainder when 18752 is divided by 6110?
422
Calculate the remainder when 140966 is divided by 70481.
4
Calculate the remainder when 13981 is divided by 19.
16
What is the remainder when 140974 is divided by 665?
659
What is the remainder when 152884 is divided by 22?
6
Calculate the remainder when 1024379 is divided by 1315.
1309
What is the remainder when 46666 is divided by 23325?
16
Calculate the remainder when 8650 is divided by 41.
40
What is the remainder when 17319 is divided by 1571?
38
What is the remainder when 45137 is divided by 6?
5
What is the remainder when 32919 is divided by 16?
7
Calculate the remainder when 1277829 is divided by 1439.
1436
Calculate the remainder when 505 is divided by 85.
80
What is the remainder when 3509 is divided by 56?
37
Calculate the remainder when 54106 is divided by 6762.
10
What is the remainder when 56672 is divided by 86?
84
What is the remainder when 3806 is divided by 344?
22
What is the remainder when 332218 is divided by 123?
118
What is the remainder when 38663 is divided by 3513?
20
What is the remainder when 22142 is divided by 57?
26
What is the remainder when 8937 is divided by 223?
17
What is the remainder when 10432 is divided by 201?
181
What is the remainder when 1220 is divided by 8?
4
Calculate the remainder when 14729 is divided by 320.
9
Calculate the remainder when 656 is divided by 324.
8
Calculate the remainder when 32702 is divided by 56.
54
What is the remainder when 3828245 is divided by 642?
641
What is the remainder when 2756 is divided by 230?
226
What is the remainder when 564 is divided by 58?
42
What is the remainder when 1835 is divided by 849?
137
What is the remainder when 10623 is divided by 10623?
0
Calculate the remainder when 15342 is divided by 374.
8
Calculate the remainder when 7374 is divided by 245.
24
What is the remainder when 76890 is divided by 188?
186
What is the remainder when 929308 is divided by 25?
8
What is the remainder when 50481 is divided by 2403?
18
Calculate the remainder when 1636920 is divided by 545640.
0
Calculate the remainder when 12583 is divided by 48.
7
Calculate the remainder when 23853 is divided by 5884.
317
What is the remainder when 74299 is divided by 344?
339
What is the remainder when 25768 is divided by 2341?
17
What is the remainder when 2632 is divided by 1256?
120
Calculate the remainder when 29398 is divided by 172.
158
What is the remainder when 5693 is divided by 236?
29
What is the remainder when 7432 is divided by 309?
16
What is the remainder when 550 is divided by 137?
2
What is the remainder when 3621 is divided by 22?
13
Calculate the remainder when 4141 is divided by 509.
69
Calculate the remainder when 63466 is divided by 18.
16
Calculate the remainder when 11053 is divided by 307.
1
What is the remainder when 15533 is divided by 1409?
34
Calculate the remainder when 12840 is divided by 4066.
642
What is the remainder when 24692 is divided by 6129?
176
Calculate the remainder when 12005 is divided by 152.
149
What is the remainder when 3822 is divided by 945?
42
Calculate the remainder when 29385 is divided by 14673.
39
Calculate the remainder when 449545 is divided by 370.
365
What is the remainder when 21467 is divided by 7149?
20
What is the remainder when 9301055 is divided by 192?
191
Calculate the remainder when 1317 is divided by 439.
0
What is the remainder when 352272 is divided by 275?
272
Calculate the remainder when 63263 is divided by 15815.
3
Calculate the remainder when 7136 is divided by 285.
11
Calculate the remainder when 3398 is divided by 322.
178
Calculate the remainder when 472980 is divided by 1235.
1210
Calculate the remainder when 9696 is divided by 693.
687
What is the remainder when 50771 is divided by 53?
50
Calculate the remainder when 36842 is divided by 7365.
17
Calculate the remainder when 1036 is divided by 33.
13
What is the remainder when 44288 is divided by 6325?
13
What is the remainder when 35776 is divided by 237?
226
What is the remainder when 4096 is divided by 676?
40
Calculate the remainder when 13881 is divided by 4626.
3
Calculate the remainder when 666107 is divided by 59.
56
Calculate the remainder when 3282 is divided by 342.
204
Calculate the remainder when 10180 is divided by 2025.
55
What is the remainder when 3924 is divided by 594?
360
What is the remainder when 819 is divided by 118?
111
What is the remainder when 105352 is divided by 31?
14
Calculate the remainder when 1818 is divided by 38.
32
Calculate the remainder when 1463 is divided by 290.
13
Calculate the remainder when 22119 is divided by 11052.
15
Calculate the remainder when 18500 is divided by 697.
378
What is the remainder when 1171 is divided by 314?
229
Calculate the remainder when 221779 is divided by 62.
5
What is the remainder when 34919 is divided by 309?
2
Calculate the remainder when 28795 is divided by 92.
91
Calculate the remainder when 109073 is divided by 134.
131
Calculate the remainder when 45665 is divided by 1826.
15
Calculate the remainder when 5673 is divided by 1647.
732
What is the remainder when 90576 is divided by 277?
274
What is the remainder when 16921 is divided by 413?
401
What is the remainder when 4114 is divided by 72?
10
Calculate the remainder when 3756670 is divided by 8.
6
What is the remainder when 1222 is divided by 25?
22
Calculate the remainder when 362 is divided by 35.
12
What is the remainder when 13786 is divided by 14?
10
What is the remainder when 130095 is divided by 161?
7
What is the remainder when 19846 is divided by 684?
10
What is the remainder when 11310 is divided by 492?
486
Calculate the remainder when 9866 is divided by 151.
51
Calculate the remainder when 35505 is divided by 139.
60
What is the remainder when 5710 is divided by 119?
117
What is the remainder when 1016 is divided by 125?
16
What is the remainder when 7668 is divided by 53?
36
Calculate the remainder when 31294 is divided by 59.
24
Calculate the remainder when 188300 is divided by 47053.
88
Calculate the remainder when 1001997 is divided by 668.
665
Calculate the remainder when 57504 is divided by 53.
52
What is the remainder when 185145 is divided by 2848?
25
What is the remainder when 85214 is divided by 61?
58
What is the remainder when 128754 is divided by 21457?
12
Calculate the remainder when 9425 is divided by 725.
0
What is the remainder when 19980 is divided by 364?
324
What is the remainder when 54608 is divided by 27301?
6
What is the remainder when 5885 is divided by 38?
33
Calculate the remainder when 286717 is divided by 23.
22
Calculate the remainder when 1542681 is divided by 156.
153
What is the remainder when 7553 is divided by 1727?
645
Calculate the remainder when 683608 is divided by 89.
88
Calculate the remainder when 4487 is divided by 675.
437
Calculate the remainder when 554832 is divided by 787.
784
Calculate the remainder when 162279 is divided by 53.
46
Calculate the remainder when 130390 is divided by 100.
90
What is the remainder when 10128 is divided by 53?
5
Calculate the remainder when 1098 is divided by 1041.
57
What is the remainder when 1487 is divided by 191?
150
Calculate the remainder when 80177 is divided by 771.
764
What is the remainder when 2644 is divided by 282?
106
Calculate the remainder when 49857 is divided by 60.
57
What is the remainder when 24126 is divided by 6031?
2
What is the remainder when 11808 is divided by 1473?
24
Calculate the remainder when 3459 is divided by 25.
9
What is the remainder when 10526 is divided by 2102?
16
Calculate the remainder when 11028 is divided by 398.
282
What is the remainder when 40886 is divided by 125?
11
What is the remainder when 6372 is divided by 640?
612
Calculate the remainder when 79049 is divided by 134.
123
Calculate the remainder when 1539 is divided by 419.
282
Calculate the remainder when 1444 is divid